it of r(2)?
4
What is the hundreds digit of 461/2 - (5 - 13/2)?
2
Suppose 0 = -11*c + 15*c + 236. Let p = c + 102. What is the units digit of p?
3
Let i = 28 - 8. Let p = -39 - -43. Suppose -b + i - p = 0. What is the tens digit of b?
1
Let p(r) = r**3 - 4*r**2 - 31*r + 5. Let f be p(8). Suppose 9*z - f*z = -1248. What is the hundreds digit of z?
3
Let u = 2190 - 1147. What is the units digit of u?
3
Suppose -2*a = -5*j + 21, 4*a + j = -0*a + 13. Suppose a*n = -2 - 0. What is the tens digit of 198/12 + n/(-2)?
1
Let b = 14 - 10. Suppose 0*a - 4*h - 20 = -4*a, -20 = -b*a - 2*h. Suppose -m = -a*m + 176. What is the tens digit of m?
4
Let y be (1 - 51)*14/(-35). Suppose 5*d = y, -v - d + 48 = 118. Let n = -44 - v. What is the units digit of n?
0
Let o(b) = 2*b**3 - 4*b**2 + b + 2. What is the units digit of o(6)?
6
Suppose 2*w - 15 = -w. Suppose -w*z - l = -132, -3*z - z = 5*l - 93. What is the units digit of (-2 - 1)*(-90)/z?
0
Suppose 2*a + 3*a = 100. Let w be 95/a + 2/8. Let h(g) = -g**2 + 10*g - 4. What is the tens digit of h(w)?
2
Suppose 0 = -4*c - 4*f + 16, -3*f + 10 - 2 = 2*c. Let r be (-2)/(-3) + 38/(-3). What is the tens digit of (c/r)/(1/(-81))?
2
Let n be (-21)/(-9) + (-5)/15. Suppose 5*h + 94 + 8 = n*k, -2*k - h = -78. What is the tens digit of k?
4
Suppose -2*l + 3*f + 4 = -2, -2*l - 10 = f. Let a(d) be the third derivative of -11*d**4/24 + d**3/2 - 2*d**2. What is the units digit of a(l)?
6
Suppose 0 = 279*z - 280*z + 1189. What is the hundreds digit of z?
1
Let x be (2 + -4 - -28) + 1. Let n = -6 - -12. What is the units digit of x*(0 - (-2)/n)?
9
Let l(g) = g**3. Let j be ((-2)/(-3))/((-12)/18). Let a(z) = -7*z**3 + 11*z**2 + 8*z + 8. Let o(f) = j*a(f) - 6*l(f). What is the units digit of o(12)?
0
Let v(t) = 3*t**2 - 1. Let x be v(-1). Suppose l + s - 5 = 2, 2*l = s - 1. Suppose -l*f = 5*g - 0*g - 77, x*f = 5*g - 73. What is the units digit of g?
5
Let c(f) = 167*f**2 + 4*f + 5. Let m be c(-5). Suppose 0 = 18*v + 2*v - m. What is the units digit of v?
8
Let t be 24/(-20)*(-30)/9. Suppose -j = t*r - 6, -r - 2 = 2*j - 0*j. What is the units digit of (1/r)/(4/40)?
5
Let j(a) = -4*a - 5*a + 18 + 9*a**2 + 57*a**3 - 58*a**3. What is the tens digit of j(6)?
7
Let u = -383 + 1564. What is the units digit of u?
1
Let q(b) = 2*b**2 + 19*b + 16. Let r be q(-9). What is the tens digit of -1 + 27 + r/((-35)/(-20))?
3
Suppose 1 + 9 = 5*n - 3*i, -2*n = -2*i. Let k = 5 - 3. Suppose 4*d - 45 = 3*x + 23, -20 = -k*d + n*x. What is the units digit of d?
0
Suppose 0 = -2*l + l + 42. Let i be 3/6 + (-22)/4. Let x = l - i. What is the tens digit of x?
4
Let x = 484 + -246. What is the units digit of 2/17 - (-14252)/x?
0
Let k(c) = -115*c + 1. Let b be k(-2). Suppose -4*z - y = -168, -5*y - 36 = 5*z - b. Suppose -z = -2*q - g, -2*g = -q - 4*g + 23. What is the units digit of q?
1
Let c(n) = -3*n - 4*n**2 - 5*n**2 + 10*n**2 - 21. What is the tens digit of c(10)?
4
Suppose -5*k + 6*k = -15. What is the units digit of 9/k + 190/25?
7
Let d be (-4)/7 + 114/(-21). Let c(q) = -q**3 - 14*q**2 - 3*q - 1. Let p be c(-14). Let r = d + p. What is the units digit of r?
5
Suppose -3*n - 3*o = 12 + 54, -2*n - 4*o - 34 = 0. Let g(i) = i**3 + 26*i**2 - 30*i - 43. What is the tens digit of g(n)?
3
Suppose -5*x = -4*k + 281, -5*k + 4*x + 340 = -0*k. What is the tens digit of k?
6
Let t(s) = s**2 - 6*s + 15. Let l(m) = -m. Let f(d) = 3*l(d) + t(d). Let j be (-224)/(-22) + (-4)/22. What is the units digit of f(j)?
5
What is the tens digit of (-5 + -1485)*1/(-10)*4?
9
Let l be (677/(-7))/(-1) + (-36)/(-126). Suppose 67 = 4*f - l. What is the units digit of f?
1
Suppose 5*g = -g + 24. Suppose -g*w + 5*w - 9 = 0. What is the units digit of w?
9
What is the tens digit of (3721 - -1)*15/270*9?
6
Let n be (-6)/4*20/(-15). Let x be 20/(-8)*12/(-10). Suppose -4*t - 70 = -2*z, n*t = -2*z + x*t + 67. What is the tens digit of z?
3
Let d = 14 - 40. What is the units digit of d/((-10)/4*(-1)/(-5))?
2
Let k be (6 + -1)*(-6 + 7). Suppose 0*s + u - 2 = k*s, 2 = 4*s + u. Suppose -20 = -l - 3*c, s = -0*l + 4*l + 4*c - 40. What is the units digit of l?
5
Suppose 5*a = -5*w + 30, 0*a - 2*w = -a. Suppose a*v + 0*v - 412 = 0. What is the units digit of v?
3
What is the tens digit of 6 + 25/(125/2610)?
2
What is the hundreds digit of ((-12)/36)/((-2)/86)*36?
5
Suppose 4*d - 120 = -x, d - 2*x = -d + 50. Suppose 46 = j + d. What is the units digit of j?
7
Let b = -350 + 804. What is the tens digit of b?
5
What is the hundreds digit of 4 - (-5)/(5/2) - -3308?
3
Suppose 4*u + 8 = 4*a - 0, 2*a = -3*u - 21. What is the units digit of 29/(-1 - (1 + a))?
9
Let v(x) be the third derivative of 11*x**4/24 + 11*x**2. What is the units digit of v(1)?
1
Suppose -72*o - 230957 = -661373. What is the units digit of o?
8
Let p = -50 + 53. What is the units digit of 39/p + -1 + 4?
6
Let d(s) = -s**3 - 5*s**2 + 7*s + 8. Let r be d(-6). Suppose -y = r*y. Suppose j = -y*j + 27. What is the tens digit of j?
2
Let i(w) = 2*w**2 + 42*w - 60. What is the units digit of i(-30)?
0
Let x(d) = d**3 + 15*d**2 + 2*d + 16. Let h be x(-15). Let m = 22 - h. What is the tens digit of m?
3
Let i = 152 - -403. What is the units digit of i?
5
Let n be 9/((-616)/(-206) + 0 + -3). What is the units digit of (-1)/7 + 1/((-21)/n)?
4
Let f = -23 - -22. Let h be f + 2 + -1 + -20. What is the tens digit of (-2)/(-10) - 996/h?
5
Suppose 128 = -k - 93. Let o = -31 - k. What is the tens digit of o?
9
Let r(l) = 2*l**2 + 1 - l + 28*l**3 - 2*l**2. Let v be 8/12 + 5/15. What is the tens digit of r(v)?
2
Let i(p) = -5*p**3 + 8*p**2 + 36*p + 17. Let u(f) = -f**3 + 2*f**2 + 9*f + 4. Let x(y) = 2*i(y) - 9*u(y). What is the units digit of x(-4)?
6
Suppose -24*p + 3577 + 7559 = 0. What is the tens digit of p?
6
Let k = 562 + 176. What is the tens digit of k?
3
Let v be (10/(-75)*-114)/(1/(-5)). Let k = 181 + v. What is the hundreds digit of k?
1
Let q(r) be the third derivative of -r**4/6 - 4*r**3/3 + 3*r**2. Let v be q(-6). Suppose -2*c + 10 = -v. What is the tens digit of c?
1
Let r(m) = 9*m**2 - 2*m + 54. What is the hundreds digit of r(-9)?
8
Let k(v) = -302*v**3 + 8*v**2 - 13*v - 25. What is the thousands digit of k(-2)?
2
Let h(w) = 310*w + 44. What is the hundreds digit of h(2)?
6
Let i be 21 + (1 - 5 - -2). Suppose -i*m = -17*m - 72. What is the units digit of m?
6
Let x = -67 - -304. What is the tens digit of x?
3
Let y be (-165)/12 - 1/4. Let v be 15/2*y/(-21). Suppose -v*h + 83 = 4*t, 5*h = -t - 0*h + 2. What is the units digit of t?
7
Let b(s) = s**2 + 5*s - 2. Let r be -1 + (-2 - -2) - -2. Let y be ((-3)/r - -2) + 5. What is the units digit of b(y)?
4
Let a(c) be the second derivative of 0 + 1/2*c**2 - 2/3*c**3 - 7*c. What is the tens digit of a(-6)?
2
Suppose -2144 = 6*i - 422. What is the hundreds digit of i/(-14)*(-24)/(-4)?
1
What is the tens digit of (8 - 2) + 72/60*615?
4
Let j = -18 - -9. Let n = -5 - j. Suppose -21 = -n*p + 19. What is the tens digit of p?
1
Suppose -2*u + 809 = 4*v + 195, -3*u + 297 = 2*v. Let g be v/18 - 2/3. Let i = -2 + g. What is the units digit of i?
6
Let k be ((-9)/6)/((-9)/(-12)). Let f = k - -6. What is the units digit of f?
4
What is the units digit of (-2 - -1 - -559)*69/46?
7
Let c(x) = -x**2 - 6*x - 7. Let y be c(-3). Suppose 0 = -y*w + 24 + 2. Let p = 26 + w. What is the tens digit of p?
3
Let c(s) = s**3 - 5*s**2 + 10*s - 7. Let g be c(7). Let x(l) = 4*l + 16. Let b be x(21). Let z = g - b. What is the tens digit of z?
6
Let o(c) = c**3 - 7*c**2 - 7. Suppose m + 3 = 0, 2*m - 24 = -5*n - 0*n. Let u be o(n). Let v = u + 60. What is the tens digit of v?
1
What is the thousands digit of 350/98 + 3/7 + 3256?
3
Let u be (-4)/(-2) + 0/(-1). Suppose -21 = -u*a - 9. What is the units digit of a?
6
Suppose 6*c - 8 = 2*c. Suppose -174 = -c*v - 3*f, 5*v + 10*f - 428 = 6*f. What is the tens digit of v?
8
Suppose 3*f = 5*f. Suppose -4*w - 2*w + 24 = f. Suppose 0 = -w*z + 2*z + j + 40, -z - 2*j = -10. What is the tens digit of z?
1
Suppose 1177*g - 20776 = 1163*g. What is the units digit of g?
4
Suppose -24*v + 30 = -19*v. What is the tens digit of (20/v + -4)/((-4)/222)?
3
Let m(t) = -3*t**3 - 3*t**2 + 40*t + 261. What is the thousands digit of m(-13)?
5
Suppose 5*k - 1072 - 838 = 0. What is the units digi